at is the ten thousands digit of 152572?
5
What is the ten thousands digit of 24386355?
8
What is the millions digit of 1159451?
1
What is the hundred thousands digit of 126288?
1
What is the tens digit of 558122?
2
What is the hundreds digit of 4064868?
8
What is the millions digit of 1616815?
1
What is the hundreds digit of 921340?
3
What is the thousands digit of 804437?
4
What is the ten thousands digit of 1042859?
4
What is the ten thousands digit of 434349?
3
What is the hundreds digit of 1574322?
3
What is the ten thousands digit of 345238?
4
What is the millions digit of 24129737?
4
What is the units digit of 6996493?
3
What is the units digit of 244340?
0
What is the hundreds digit of 25536955?
9
What is the thousands digit of 266464?
6
What is the units digit of 1418761?
1
What is the thousands digit of 144683?
4
What is the tens digit of 5337666?
6
What is the tens digit of 14073925?
2
What is the thousands digit of 244916?
4
What is the units digit of 320261?
1
What is the hundred thousands digit of 2389597?
3
What is the hundred thousands digit of 110367?
1
What is the hundreds digit of 3375326?
3
What is the units digit of 21411331?
1
What is the tens digit of 4036523?
2
What is the units digit of 387851?
1
What is the hundreds digit of 1426235?
2
What is the units digit of 439917?
7
What is the tens digit of 2929510?
1
What is the thousands digit of 5615065?
5
What is the units digit of 6063531?
1
What is the units digit of 2388764?
4
What is the ten thousands digit of 35785?
3
What is the tens digit of 3117479?
7
What is the hundreds digit of 845862?
8
What is the hundreds digit of 23042?
0
What is the ten thousands digit of 62048?
6
What is the hundreds digit of 794293?
2
What is the ten thousands digit of 218523?
1
What is the tens digit of 16481?
8
What is the ten thousands digit of 25898583?
9
What is the hundred thousands digit of 4977560?
9
What is the hundred thousands digit of 5023987?
0
What is the ten thousands digit of 8195705?
9
What is the hundreds digit of 1355192?
1
What is the units digit of 152570?
0
What is the hundreds digit of 373621?
6
What is the tens digit of 6512334?
3
What is the thousands digit of 275695?
5
What is the units digit of 189213?
3
What is the thousands digit of 3070281?
0
What is the ten thousands digit of 368665?
6
What is the thousands digit of 83331?
3
What is the hundreds digit of 299863?
8
What is the hundred thousands digit of 11426325?
4
What is the millions digit of 3481601?
3
What is the ten thousands digit of 247338?
4
What is the ten thousands digit of 185302?
8
What is the tens digit of 1564584?
8
What is the hundred thousands digit of 1665010?
6
What is the ten thousands digit of 28464?
2
What is the thousands digit of 217789?
7
What is the millions digit of 5422362?
5
What is the units digit of 9055550?
0
What is the hundreds digit of 7041713?
7
What is the thousands digit of 97330?
7
What is the hundreds digit of 75009?
0
What is the units digit of 255464?
4
What is the ten thousands digit of 11175827?
7
What is the units digit of 146160?
0
What is the thousands digit of 326298?
6
What is the tens digit of 2134822?
2
What is the units digit of 614474?
4
What is the hundreds digit of 11524462?
4
What is the thousands digit of 107538?
7
What is the ten thousands digit of 4952321?
5
What is the ten thousands digit of 3254526?
5
What is the thousands digit of 2493902?
3
What is the millions digit of 5023627?
5
What is the hundreds digit of 3022170?
1
What is the hundreds digit of 4190650?
6
What is the units digit of 1159299?
9
What is the units digit of 5911947?
7
What is the hundreds digit of 1452377?
3
What is the ten thousands digit of 640199?
4
What is the thousands digit of 9556026?
6
What is the hundreds digit of 282322?
3
What is the hundreds digit of 653468?
4
What is the hundreds digit of 11464471?
4
What is the tens digit of 16224508?
0
What is the hundred thousands digit of 285536?
2
What is the hundred thousands digit of 803006?
8
What is the tens digit of 78737?
3
What is the thousands digit of 313921?
3
What is the hundred thousands digit of 1519665?
5
What is the millions digit of 20851073?
0
What is the units digit of 7284647?
7
What is the thousands digit of 207195?
7
What is the ten thousands digit of 1666390?
6
What is the thousands digit of 119808?
9
What is the millions digit of 12413426?
2
What is the hundred thousands digit of 231629?
2
What is the hundreds digit of 451427?
4
What is the tens digit of 71949?
4
What is the millions digit of 11413791?
1
What is the units digit of 16817?
7
What is the thousands digit of 2366552?
6
What is the hundreds digit of 1341436?
4
What is the units digit of 23681530?
0
What is the thousands digit of 12642657?
2
What is the hundreds digit of 434527?
5
What is the hundreds digit of 3481381?
3
What is the units digit of 725621?
1
What is the thousands digit of 4879701?
9
What is the units digit of 835457?
7
What is the hundred thousands digit of 757201?
7
What is the hundreds digit of 25684623?
6
What is the hundreds digit of 1441062?
0
What is the hundreds digit of 218662?
6
What is the ten thousands digit of 89966?
8
What is the thousands digit of 5704017?
4
What is the ten thousands digit of 9200869?
0
What is the millions digit of 3334300?
3
What is the units digit of 8904?
4
What is the thousands digit of 282189?
2
What is the tens digit of 637643?
4
What is the hundred thousands digit of 237269?
2
What is the thousands digit of 486135?
6
What is the hundreds digit of 2781673?
6
What is the units digit of 2149769?
9
What is the hundred thousands digit of 824289?
8
What is the hundreds digit of 282049?
0
What is the hundreds digit of 19703825?
8
What is the hundreds digit of 22028956?
9
What is the tens digit of 16112441?
4
What is the units digit of 1598622?
2
What is the ten thousands digit of 2615941?
1
What is the hundreds digit of 555154?
1
What is the hundred thousands digit of 1558707?
5
What is the hundred thousands digit of 15505793?
5
What is the thousands digit of 244979?
4
What is the hundred thousands digit of 1661738?
6
What is the thousands digit of 5201767?
1
What is the millions digit of 9901701?
9
What is the hundreds digit of 59545?
5
What is the tens digit of 4662519?
1
What is the tens digit of 344623?
2
What is the hundreds digit of 2430023?
0
What is the thousands digit of 6172112?
2
What is the millions digit of 2657914?
2
What is the thousands digit of 2482248?
2
What is the millions digit of 5092264?
5
What is the units digit of 594441?
1
What is the tens digit of 147778?
7
What is the units digit of 1847900?
0
What is the millions digit of 17403821?
7
What is the hundred thousands digit of 1124102?
1
What is the hundreds digit of 390096?
0
What is the ten thousands digit of 9326007?
2
What is the units digit of 1257943?
3
What is the units digit of 786633?
3
What is the hundreds digit of 153968?
9
What is the units digit of 6755650?
0
What is the millions digit of 1777104?
1
What is the thousands digit of 1435074?
5
What is the units digit of 1090476?
6
What is the ten thousands digit of 1026142?
2
What is the thousands digit of 1601941?
1
What is the units digit of 62788?
8
What is the hundreds digit of 11194744?
7
What is the hundreds digit of 191170?
1
What is the ten thousands digit of 842592?
4
What is the millions digit of 3389265?
3
What is the ten thousands digit of 723581?
2
What is the hundred thousands digit of 23731659?
7
What is the ten thousands digit of 1970977?
7
What is the ten thousands digit of 38107337?
0
What is the thousands digit of 114073?
4
What is the hundred thousands digit of 1275948?
2
What is the hundreds digit of 1108500?
5
What is the tens digit of 21299713?
1
What is the ten thousands digit of 4424699?
2
What is the hundreds digit of 222767?
7
What is the hundreds digit of 115660?
6
What is the hundred thousands digit of 5538973?
5
What is the ten thousands digit of 66352?
6
What is the ten thousands digit of 144118?
4
What is the tens digit of 699355?
5
What is the ten thousands digit of 816348?
1
What is the tens digit of 887942?
4
What is the millions digit of 3194012?
3
What is the hundred thousands digit of 3279383?
2
What is the hundreds digit of 